 x and h.
17
Let o(a) = 2*a - 16. Let u be (0 - -1)/((-1)/(-8)). Let l be o(u). Suppose v + 2 = l, 4*s - 5*v - 21 - 13 = 0. Calculate the highest common factor of s and 15.
3
Let b be (8/(-6))/(5/(-90)*-4). Suppose -3*q = 2*s + 31, 11 = -5*q - s - 29. Let g = b - q. What is the greatest common factor of 11 and g?
1
Let q(i) = i + 9. Let a be q(-6). Suppose -5*y - 3*m + 0 - 7 = 0, -y = m + 3. What is the greatest common divisor of a and y?
1
Let t = 18 + -18. Let g(k) = -6*k + 20. Let p be g(t). Suppose 0*n + d + 2 = n, -3*n + 2*d = -9. Calculate the greatest common factor of n and p.
5
Suppose -5*c + 31 = 6. Suppose 6 = c*t - 39. Let f = -53 - -134. Calculate the greatest common factor of t and f.
9
Suppose 4*j + 3*h = -423, 2*h - 261 = 4*j + 157. Let d = -63 - j. Suppose 7*t + 43 = 2*z + 4*t, -4*z = 3*t - 41. Calculate the highest common factor of z and d.
14
Suppose 5*a - 3110 = 4*v, 5*v - 3*a = a - 3883. Let c = v - -1144. Calculate the greatest common divisor of c and 41.
41
Suppose 2*u - 254 = 126. Let i = -94 - -170. What is the highest common divisor of i and u?
38
Let w(f) = 6*f**3 - f**2 + 2*f + 2. Let g be w(-2). Let c = 7 + g. Let b = -27 - c. Calculate the greatest common factor of b and 4.
4
Suppose 0*b = -3*h + b + 56, 5*h - 3*b = 96. Let g(t) = -33*t. Let j be g(1). Let i be (-380)/(-3) + 22/j. Calculate the highest common divisor of h and i.
18
Let v = 458 + -228. What is the greatest common divisor of 138 and v?
46
Let o be 84/(-9) - (-2)/(-3). Let v be (4/(-5))/(2/o). Suppose -i - 16 = -5*i, 4*i + 432 = v*u. Calculate the highest common divisor of 14 and u.
14
Suppose 5*k + 0*r - 4*r - 24 = 0, -4*k + 13 = 3*r. Suppose 0 = -k*m + m + 15. Let x be (m/(-20))/((-2)/8). What is the greatest common divisor of x and 2?
1
Suppose -3*j + j + c = -6, 5*j - 17 = 2*c. Suppose j*z - 7 = 18. Calculate the greatest common divisor of 15 and z.
5
Let t be -41 + -1 - (-9 - -10). Let h = -35 - t. What is the greatest common factor of h and 1?
1
Let s = -53 + 35. Let w(k) = -2*k + 30. Let o be w(s). Let x = 13 - 7. Calculate the greatest common divisor of x and o.
6
Let b(r) be the first derivative of r**4/4 + 3*r**3 + 7*r**2/2 + 2*r + 11. Let y be b(-6). Calculate the greatest common divisor of 170 and y.
34
Let u be -9*(176/40)/(6/(-25)). What is the greatest common divisor of 275 and u?
55
Let s(i) = i**3 + 17*i**2 - 20*i. Let z be 1 - (17 - (-1 + -1)). Let d be s(z). What is the highest common factor of 180 and d?
36
Suppose 26*h - 4080 = 10*h. Calculate the highest common factor of 15 and h.
15
Suppose 4*x - 61 = 5*x - 5*b, 2*x - 4*b = -140. Let q = -48 - x. Suppose 65*f = -29036 + 29491. Calculate the greatest common factor of q and f.
7
Let x = -677 - -893. What is the greatest common factor of 27 and x?
27
Let y = 125 - -53. Let s = 115 - y. Let t be s/(-6) - 2/4. Calculate the highest common divisor of 4 and t.
2
Let s be 42/4*(-88)/(-6). Suppose -54 + s = 4*q. Let p be 2/7 + (-1730)/(-70). What is the greatest common divisor of q and p?
25
Suppose 10*f - 245 = 5*f - 5*q, 0 = 3*q + 3. What is the greatest common divisor of 2 and f?
2
Suppose 4*d - x - 396 = 0, d - 5*x - 22 = 58. What is the highest common factor of d and 110?
10
Suppose -5*r - 4*a - 209 = 0, -3*r = -4*a + 140 - 21. Let i = r + 45. What is the greatest common factor of i and 10?
2
Let c(i) = 6*i - 11. Suppose -h + 4 = 2*b, 0 = -5*b - 4*h - 5 + 21. Suppose b = 3*m - 6*m + 18. Let g be c(m). What is the greatest common divisor of 200 and g?
25
Suppose 0 = -6*d + 11 - 5. Let v(j) = -j + 2. Let o be v(0). Let b = o + d. What is the greatest common divisor of 3 and b?
3
Let f be (-2)/(-5)*5 - 0 - -542. Suppose 2*u + 2*w - 272 = -w, -f = -4*u - 4*w. What is the greatest common divisor of u and 17?
17
Let j(u) = -1. Let f(z) = -3*z + 10. Let i(m) = -f(m) + 3*j(m). Let h be i(13). What is the highest common factor of 39 and h?
13
Suppose -35*b + 1613 + 802 = 0. What is the highest common factor of 989 and b?
23
Let w(r) = r**3 - r**2 - 3. Let m be w(3). Let h be (1 - -68) + 3 + -4. Let t = 7 + h. What is the greatest common divisor of t and m?
15
Let q(k) = -k**3 + 8*k**2 - 4*k + 6. Let b be q(7). Let y = -37 - -37. Suppose y = l - b - 53. What is the greatest common factor of l and 10?
10
Let a(d) = 5*d**2 - 3 - d**2 - 1 + 1. Let f be a(2). Calculate the highest common factor of 104 and f.
13
Let p(s) = s + 20. Let m be p(-10). Suppose -262 - 191 = -3*q. Suppose -4*f - 43 + 139 = 2*v, 3*v - q = f. What is the greatest common divisor of v and m?
10
Suppose -4*w - 976 = -4*h, 3*h = -0*w - w - 256. Let b be (-50)/125 - w/5. What is the highest common factor of 7 and b?
7
Suppose 777 = -3*v - 4*v. Let z = -21 - v. What is the greatest common factor of z and 18?
18
Suppose -43*t + 813 + 1681 = 0. Let x(w) = w - 1. Let a be x(4). Suppose -t - 11 = -a*q. What is the greatest common divisor of q and 69?
23
Let b be 918/14 + (-36)/(-84). Let z be (6/11)/(-3) + 8922/b. Calculate the greatest common factor of 15 and z.
15
Let b = -282 - -481. Suppose -5*x = 3*v - 289, -2*x = 2*v - 5*x - b. Let l be (-2)/3 - 44/(-3). What is the highest common factor of l and v?
14
Suppose 3*i + 108 = 2*l, 3*l - 5*l = -2*i - 104. Let q be l/40*(-4)/(12/(-5)). What is the highest common divisor of q and 1?
1
Suppose 4*s - 34 = -2. Let z(d) = 4*d + 4. Let q be z(s). Let j be 1/(-4) - (-297)/q. Calculate the greatest common factor of 40 and j.
8
Suppose g + 3*f + 10 = 0, 4*g - 3*f - f + 40 = 0. Let z = g + 18. Let d = -256 - -272. Calculate the greatest common divisor of z and d.
8
Let o be (-26)/(-4)*1*2. Let w = 7273 - 7221. Calculate the greatest common divisor of o and w.
13
Suppose -i + 4*b + 21 = 0, 2*b = 5*i + 4*b - 39. Let l(t) = -t**2 + 15*t - 22. Let h be l(i). Calculate the highest common divisor of 4 and h.
4
Let a = 10 - 5. Suppose -121 = -w + 5*w + 3*k, a*w + 3*k = -149. Let f = -16 - w. Calculate the greatest common factor of 3 and f.
3
Let b = -1484 - -1312. Suppose -3*f + 8*f = -2235. Let g = b - f. What is the highest common factor of 25 and g?
25
Let i(k) = k**2 - 2*k. Suppose -9*v - 47 - 7 = 0. Let q be ((-64)/(-24))/((-4)/v). Let c be i(q). What is the greatest common factor of c and 8?
8
Suppose -16 + 76 = 4*p. Let y(s) = -s**2 - 11*s + 20. Let u be y(-10). Calculate the highest common factor of p and u.
15
Suppose 5*d - 2*w - 172 = 0, 0 = -4*d + 3*d + 5*w + 39. Suppose 48 + 258 = 3*t. Calculate the highest common divisor of t and d.
34
Suppose 5*v + 5 = -20. Let r be (-1 + -2)*v/1. Calculate the highest common divisor of r and 15.
15
Let g be 0 - -456*(-9)/(-6). What is the highest common factor of g and 36?
36
Suppose q - 25 = -2*q + i, 2*i + 22 = 2*q. Suppose 0 = 2*f + 2*f - 4. Let a be 16 + q + (-1)/f. What is the highest common factor of a and 2?
2
Suppose -5*u + 0*u = -255. Let z(r) = -r**2 - 22*r - 4. Let p be z(-21). What is the highest common divisor of p and u?
17
Let g = -26 + 30. Suppose 4*m + 4*f - 16 = 0, -3*m - f + 0 = -g. Suppose -l - 8 + 5 = m, 4*l = -5*k + 888. What is the highest common divisor of k and 20?
20
Suppose -648 = -20*z - 7*z. What is the highest common factor of 132 and z?
12
Suppose 0 = 9*c + 20*c - 4524. Calculate the highest common divisor of 676 and c.
52
Let t = 9 + 1. Suppose 0*u + t*u = 20. What is the highest common divisor of u and 2?
2
Let b(c) = -10*c**2 + 32*c + 1. Let s be b(3). Let h = -28 + -1. Let o = -1 - h. What is the highest common factor of s and o?
7
Let h be (12/36)/((-2)/(-12)). Suppose h*c - 7*c + 80 = 0. Suppose -i + c = -62. What is the greatest common divisor of 13 and i?
13
Let z(r) = -r + 5. Let l be (-44)/10 - 2/(-5). Let t be z(l). Suppose 0 = -t*m + 4*m + 80. What is the highest common divisor of 40 and m?
8
Let g be (10*3/6)/(440/1056). What is the greatest common divisor of g and 4428?
12
Suppose g = -3*g - 2*f + 566, 0 = -2*f - 10. What is the highest common factor of 108 and g?
36
Let d = -1210 - -1819. What is the highest common factor of d and 147?
21
Let w = -20 - -38. Suppose w = -0*v - 3*v. Let x be (-6)/2 - 138/v. Calculate the greatest common factor of x and 4.
4
Suppose -32*c = -5*c - 6831. Calculate the highest common divisor of 23 and c.
23
Let o(n) = n**2 - 6*n - 22. Let t be o(-6). Suppose 26 = z + 3*c, 